ate the remainder when 115058978 is divided by 3511.
3508
What is the remainder when 1505358 is divided by 136?
110
What is the remainder when 127053 is divided by 31554?
837
Calculate the remainder when 210961648 is divided by 50.
48
Calculate the remainder when 601689 is divided by 109.
9
What is the remainder when 1671763 is divided by 42?
37
Calculate the remainder when 5045871 is divided by 442.
441
Calculate the remainder when 1472248 is divided by 5373.
46
Calculate the remainder when 3727324 is divided by 14908.
324
What is the remainder when 112432 is divided by 112401?
31
What is the remainder when 313877 is divided by 9807?
53
Calculate the remainder when 24334705 is divided by 149.
25
What is the remainder when 1466040 is divided by 38570?
380
What is the remainder when 45467718 is divided by 41?
30
Calculate the remainder when 5677342 is divided by 1253.
1252
What is the remainder when 69295644 is divided by 715?
704
Calculate the remainder when 76356 is divided by 2085.
1296
What is the remainder when 4155897 is divided by 700?
697
What is the remainder when 1745648 is divided by 38792?
8
Calculate the remainder when 172705 is divided by 579.
163
Calculate the remainder when 1553815 is divided by 293.
36
What is the remainder when 19038 is divided by 33?
30
What is the remainder when 2131033 is divided by 766?
21
What is the remainder when 30225783 is divided by 1252?
1251
What is the remainder when 1326894 is divided by 1103?
1088
What is the remainder when 2586523 is divided by 167?
27
Calculate the remainder when 385009 is divided by 11288.
1217
What is the remainder when 28474007 is divided by 19?
18
What is the remainder when 24117901 is divided by 50?
1
Calculate the remainder when 982499 is divided by 49123.
39
Calculate the remainder when 918465 is divided by 5850.
15
Calculate the remainder when 313226 is divided by 12027.
524
Calculate the remainder when 7432277 is divided by 148644.
77
Calculate the remainder when 551904 is divided by 635.
89
Calculate the remainder when 15370 is divided by 3044.
150
Calculate the remainder when 8778 is divided by 7272.
1506
Calculate the remainder when 78975190 is divided by 963112.
6
Calculate the remainder when 21157563 is divided by 2381.
2378
Calculate the remainder when 986368 is divided by 577.
275
What is the remainder when 741105 is divided by 83?
81
What is the remainder when 18257558 is divided by 1382?
1338
What is the remainder when 529126485 is divided by 12?
9
Calculate the remainder when 35907 is divided by 5809.
1053
Calculate the remainder when 451908 is divided by 1662.
1506
Calculate the remainder when 20907539 is divided by 33.
26
Calculate the remainder when 948986 is divided by 11713.
233
What is the remainder when 263783858 is divided by 954?
950
Calculate the remainder when 1762163 is divided by 2401.
2230
What is the remainder when 154274 is divided by 235?
114
What is the remainder when 133554289 is divided by 17?
11
What is the remainder when 9706350 is divided by 17?
13
Calculate the remainder when 43479085 is divided by 1761.
1756
What is the remainder when 14092142 is divided by 1276?
1274
What is the remainder when 48419288 is divided by 885?
53
What is the remainder when 9108926 is divided by 140137?
21
What is the remainder when 621805 is divided by 11305?
30
What is the remainder when 22188464 is divided by 473?
34
Calculate the remainder when 189827 is divided by 23370.
2867
What is the remainder when 10000038 is divided by 106?
104
What is the remainder when 3836913 is divided by 2257?
13
Calculate the remainder when 101503 is divided by 24857.
2075
What is the remainder when 519474 is divided by 1041?
15
What is the remainder when 2076339 is divided by 5816?
27
What is the remainder when 322510793 is divided by 1286?
1283
Calculate the remainder when 78371 is divided by 708.
491
What is the remainder when 167267 is divided by 328?
315
Calculate the remainder when 724269 is divided by 1762.
87
Calculate the remainder when 6153708 is divided by 3076833.
42
What is the remainder when 7873 is divided by 6134?
1739
What is the remainder when 44772 is divided by 5377?
1756
What is the remainder when 99044925 is divided by 461?
458
What is the remainder when 17639029 is divided by 128752?
5
What is the remainder when 113920839 is divided by 1265?
1264
What is the remainder when 102078045 is divided by 1104?
1101
What is the remainder when 3928678 is divided by 5855?
5828
What is the remainder when 5826707 is divided by 73?
66
Calculate the remainder when 741320 is divided by 307.
222
Calculate the remainder when 8134803 is divided by 7991.
7956
Calculate the remainder when 1317489 is divided by 34670.
29
Calculate the remainder when 6538205 is divided by 1089695.
35
What is the remainder when 870319 is divided by 1267?
1157
What is the remainder when 577914 is divided by 12?
6
What is the remainder when 317607 is divided by 243?
6
What is the remainder when 10914494 is divided by 1199?
1196
Calculate the remainder when 381401 is divided by 3637.
3153
What is the remainder when 2248461 is divided by 4607?
245
What is the remainder when 21969465 is divided by 145?
80
What is the remainder when 12760134 is divided by 39?
36
What is the remainder when 1357029146 is divided by 25?
21
What is the remainder when 34800 is divided by 211?
196
What is the remainder when 110900 is divided by 990?
20
Calculate the remainder when 160891408 is divided by 2398.
2394
What is the remainder when 12568 is divided by 6123?
322
What is the remainder when 12535296 is divided by 1899?
1896
Calculate the remainder when 123097 is divided by 6185.
5582
Calculate the remainder when 722447 is divided by 2243.
201
Calculate the remainder when 993252 is divided by 40.
12
Calculate the remainder when 929657 is divided by 6547.
6530
What is the remainder when 28072869 is divided by 137612?
21
Calculate the remainder when 645222 is divided by 215053.
63
What is the remainder when 4120309 is divided by 824054?
39
What is the remainder when 5077240 is divided by 2511?
2509
What is the remainder when 757687 is divided by 1559?
13
What is the remainder when 9069084 is divided by 4599?
4455
What is the remainder when 5225621 is divided by 237527?
27
What is the remainder when 371478 is divided by 634?
588
What is the remainder when 8373888 is divided by 4186933?
22
What is the remainder when 1470333 is divided by 183789?
21
Calculate the remainder when 4026475 is divided by 30.
25
What is the remainder when 17389826 is divided by 199883?
5
Calculate the remainder when 138587 is divided by 69290.
7
What is the remainder when 4724926 is divided by 53692?
30
Calculate the remainder when 9306719 is divided by 2021.
14
Calculate the remainder when 1648045 is divided by 329603.
30
What is the remainder when 2362049 is divided by 295251?
41
Calculate the remainder when 4372593 is divided by 1093126.
89
What is the remainder when 7698344 is divided by 109?
1
What is the remainder when 84452 is divided by 1585?
447
What is the remainder when 2367896 is divided by 21332?
44
Calculate the remainder when 27119427 is divided by 14.
13
Calculate the remainder when 14483957 is divided by 7241953.
51
What is the remainder when 1704370 is divided by 2002?
668
Calculate the remainder when 791414 is divided by 32973.
62
Calculate the remainder when 36540 is divided by 36073.
467
What is the remainder when 15966100 is divided by 4963?
129
Calculate the remainder when 20367661 is divided by 2522.
2511
Calculate the remainder when 763926 is divided by 9549.
6
Calculate the remainder when 520631 is divided by 573.
347
What is the remainder when 858496 is divided by 2593?
213
What is the remainder when 381531 is divided by 3399?
843
What is the remainder when 365191 is divided by 90215?
4331
Calculate the remainder when 1005484 is divided by 1535.
59
What is the remainder when 40875742 is divided by 32?
30
Calculate the remainder when 575783 is divided by 403.
299
What is the remainder when 1449005 is divided by 66?
41
Calculate the remainder when 41544852 is divided by 935.
932
Calculate the remainder when 364764 is divided by 925.
314
What is the remainder when 9207 is divided by 1458?
459
What is the remaind